{"id":5,"date":"2022-06-19T15:25:17","date_gmt":"2022-06-19T15:25:17","guid":{"rendered":"https:\/\/hirsch-schlattstall.de\/WP\/?page_id=5"},"modified":"2026-03-08T19:23:00","modified_gmt":"2026-03-08T19:23:00","slug":"willkommen-im-gasthaus-hirsch","status":"publish","type":"page","link":"https:\/\/hirsch-schlattstall.de\/","title":{"rendered":"Willkommen im Gasthaus Hirsch"},"content":{"rendered":"\n<p class=\"has-regular-font-size\">Genie\u00dfen Sie schw\u00e4bische Gastlichkeit in unserem famili\u00e4r gef\u00fchrten Haus.<br>Wir freuen uns auf Ihren Besuch.<\/p>\n\n\n\n<div class=\"wp-block-group has-vivid-red-color has-text-color has-regular-font-size\"><div class=\"wp-block-group__inner-container is-layout-constrained wp-block-group-is-layout-constrained\">\n<p>Liebe G\u00e4ste,<\/p>\n\n\n\n<p>von Montag, 30. M\u00e4rz ab 14 Uhr bis Donnerstag, 9. April 2026 sind wir im Osterurlaub. Am Freitag, 10. April 2026 sind wir abends ab 18 Uhr wieder f\u00fcr Sie da.<\/p>\n\n\n\n<p>Beachten Sie bitte, dass wir <strong>freitags nur abends ab 18.00 Uhr <\/strong>ge\u00f6ffnet haben.<\/p>\n\n\n\n<p>Nachfolgend unsere \u00d6ffnungszeiten im \u00dcberblick:<br><br>Ruhetag:<br>Dienstag und Mittwoch sowie Freitag mittags und jeder 1. Sonntag im Monat<br><br>\u00d6ffnungszeiten:<br>11.30 &#8211; 14.00 Uhr (au\u00dfer freitags)<br>abends ab 18.00 Uhr<br><br>sonn- und feiertags ist durchgehend ge\u00f6ffnet (au\u00dfer an Ruhetagen)<\/p>\n\n\n\n<p><\/p>\n<\/div><\/div>\n\n\n\n<p class=\"has-regular-font-size\">Damit Ihr Weg nach Schlattstall nicht umsonst ist, bitten wir Sie um rechtzeitige telefonische Reservierung. <br>Bitte beachten Sie, dass wir per E-Mail keine Reservierungen entgegen nehmen k\u00f6nnen.<br>Am besten erreichbar sind wir zwischen 8.30 und 11.30 Uhr.<br><br>Telefon +49 (0) 70 26 \/ 72 16<\/p>\n\n\n\n<p><\/p>\n\n\n\n<div class=\"wp-block-columns is-not-stacked-on-mobile is-layout-flex wp-container-core-columns-is-layout-9d6595d7 wp-block-columns-is-layout-flex\">\n<div class=\"wp-block-column is-layout-flow wp-block-column-is-layout-flow\" style=\"flex-basis:17%\"><\/div>\n\n\n\n<div class=\"wp-block-column is-layout-flow wp-block-column-is-layout-flow\" style=\"flex-basis:66.66%\"><\/div>\n<\/div>\n\n\n\n<p><\/p>\n","protected":false},"excerpt":{"rendered":"<p>Genie\u00dfen Sie schw\u00e4bische Gastlichkeit in unserem famili\u00e4r gef\u00fchrten Haus.Wir freuen uns auf Ihren Besuch. Liebe G\u00e4ste, von Montag, 30. M\u00e4rz ab 14 Uhr bis Donnerstag, 9. April 2026 sind wir im Osterurlaub. Am Freitag, 10. April 2026 sind wir abends ab 18 Uhr wieder f\u00fcr Sie da. Beachten Sie bitte, dass wir freitags nur abends &hellip;<\/p>\n","protected":false},"author":1,"featured_media":0,"parent":0,"menu_order":0,"comment_status":"closed","ping_status":"closed","template":"","meta":{"footnotes":""},"class_list":["post-5","page","type-page","status-publish","hentry"],"_links":{"self":[{"href":"https:\/\/hirsch-schlattstall.de\/index.php\/wp-json\/wp\/v2\/pages\/5","targetHints":{"allow":["GET"]}}],"collection":[{"href":"https:\/\/hirsch-schlattstall.de\/index.php\/wp-json\/wp\/v2\/pages"}],"about":[{"href":"https:\/\/hirsch-schlattstall.de\/index.php\/wp-json\/wp\/v2\/types\/page"}],"author":[{"embeddable":true,"href":"https:\/\/hirsch-schlattstall.de\/index.php\/wp-json\/wp\/v2\/users\/1"}],"replies":[{"embeddable":true,"href":"https:\/\/hirsch-schlattstall.de\/index.php\/wp-json\/wp\/v2\/comments?post=5"}],"version-history":[{"count":50,"href":"https:\/\/hirsch-schlattstall.de\/index.php\/wp-json\/wp\/v2\/pages\/5\/revisions"}],"predecessor-version":[{"id":194,"href":"https:\/\/hirsch-schlattstall.de\/index.php\/wp-json\/wp\/v2\/pages\/5\/revisions\/194"}],"wp:attachment":[{"href":"https:\/\/hirsch-schlattstall.de\/index.php\/wp-json\/wp\/v2\/media?parent=5"}],"curies":[{"name":"wp","href":"https:\/\/api.w.org\/{rel}","templated":true}]}}